{"id":7364,"date":"2019-12-07T22:07:09","date_gmt":"2019-12-07T20:07:09","guid":{"rendered":"http:\/\/www.mk-wetzlar.de\/?page_id=7364"},"modified":"2026-02-07T15:07:37","modified_gmt":"2026-02-07T13:07:37","slug":"presse-2","status":"publish","type":"page","link":"https:\/\/www.mk-wetzlar.de\/?page_id=7364","title":{"rendered":"Presseartikel"},"content":{"rendered":"<p>&nbsp;<\/p>\n<h1 class=\"entry-title\" style=\"text-align: center;\"><strong><em><span style=\"font-family: georgia, palatino, serif;\">Presseartikel<\/span><\/em><\/strong><\/h1>\n<p>&nbsp;<\/p>\n<p style=\"text-align: center;\"><strong><span style=\"font-family: georgia, palatino, serif; font-size: 16pt;\">Alte und neue Presseartikel <\/span><br \/>\n<\/strong><\/p>\n<p style=\"text-align: center;\"><strong><span style=\"background-color: #ffff00;\"><em>zum Lesen auf den Artikel klicken<\/em><\/span><\/strong><\/p>\n<p>&nbsp;<\/p>\n<p style=\"text-align: center;\"><strong><span style=\"font-size: 14pt; color: #800080;\">Tipp: <\/span><\/strong><\/p>\n<p style=\"text-align: center;\"><strong><span style=\"font-size: 14pt; color: #800080;\">Artikel zoomen, mit gedr\u00fcckter Steuerungstaste (STRG) und Mausrad drehen <\/span><\/strong><\/p>\n<p style=\"text-align: center;\"><strong><span style=\"background-color: #00ff00;\"><em>Einige Artikel wurden f\u00fcr eine bessere Lesbarkeit \u00fcberarbeitet<\/em><\/span><\/strong><\/p>\n<p>&nbsp;<\/p>\n<p style=\"text-align: center;\"><strong><span style=\"font-family: georgia, palatino, serif; font-size: 16pt;\">1966<\/span><\/strong><\/p>\n<p style=\"text-align: center;\"><strong>WNZ<\/strong><\/p>\n<p style=\"text-align: center;\"><a href=\"https:\/\/www.mk-wetzlar.de\/wp-content\/uploads\/2022\/05\/La-Corunia-1966.pdf\">Auslandsreise &#8222;KM-Boot Wetzlar&#8220; 1966 La Coruna Spanien<\/a><\/p>\n<p style=\"text-align: center;\"><span style=\"font-size: 16pt;\"><strong><span style=\"font-family: georgia, palatino, serif;\">1967<\/span><\/strong><\/span><\/p>\n<p style=\"text-align: center;\"><strong>WNZ<\/strong><\/p>\n<p style=\"text-align: center;\">\u00a0<a href=\"https:\/\/www.mk-wetzlar.de\/wp-content\/uploads\/2022\/05\/Kindergarten-Albshausen-27.12.1967_compressed.pdf\">Zu Besuch im Kindergarten Albshausen 27.12.1967<\/a><\/p>\n<p style=\"text-align: center;\"><strong><span style=\"font-size: 16pt; font-family: georgia, palatino, serif;\">1993<\/span><\/strong><\/p>\n<p style=\"text-align: center;\"><strong>WNZ<\/strong><\/p>\n<p style=\"text-align: center;\"><a href=\"http:\/\/www.mk-wetzlar.de\/wp-content\/uploads\/2019\/12\/1993-KM-Boot-Wetzlar.pdf\" rel=\"noopener noreferrer\">\u00c4lterer Bericht \u00fcber das KM-Boot Wetzlar<\/a><\/p>\n<p style=\"text-align: center;\"><span style=\"font-size: 16pt;\"><strong><span style=\"font-family: georgia, palatino, serif;\"><em>2009<\/em><\/span><\/strong><\/span><\/p>\n<p style=\"text-align: center;\"><strong>WNZ<\/strong><\/p>\n<p style=\"text-align: center;\"><a href=\"http:\/\/www.mk-wetzlar.de\/wp-content\/uploads\/2019\/12\/haifischbar.pdf\">Musical &#8222;Haifischbar&#8220; 30 Jahre Shanty-Chor &#8222;Achtern Diek&#8220;<\/a><\/p>\n<p style=\"text-align: center;\"><strong><span style=\"font-family: georgia, palatino, serif; font-size: 16pt;\"><em>2012<\/em><\/span><\/strong><\/p>\n<p style=\"text-align: center;\"><strong>WNZ<\/strong><\/p>\n<p style=\"text-align: center;\"><a href=\"http:\/\/www.mk-wetzlar.de\/wp-content\/uploads\/2019\/12\/Shanty-Chor-auf-dem-Schillerplatz.pdf\">ShantyChor &#8222;Achtern Diek&#8220; als Motiv von Folge 471 &#8222;Erkennen Sie Wetzlar&#8220;<\/a><\/p>\n<p style=\"text-align: center;\"><a href=\"https:\/\/www.mk-wetzlar.de\/wp-content\/uploads\/2022\/05\/1983_11-1024x689-1.pdf\">Hier das Originalbild vom 14.10.1983 aus Anlass Gallusmarkt<\/a><\/p>\n<p style=\"text-align: center;\"><strong>Lahn-Dill-Anzeiger<\/strong><\/p>\n<p style=\"text-align: center;\"><a href=\"http:\/\/www.mk-wetzlar.de\/wp-content\/uploads\/2019\/12\/2012.1.pdf\">Shanty-Chor in der Dreschhalle in Greifenstein\/Ulm \u00a0 <\/a><\/p>\n<p style=\"text-align: center;\"><strong><span style=\"font-family: georgia, palatino, serif; font-size: 16pt;\"><em>2013<\/em><\/span><\/strong><\/p>\n<p style=\"text-align: center;\"><strong>Sonntag Morgen Magazin<\/strong><\/p>\n<p style=\"text-align: center;\"><a href=\"http:\/\/www.mk-wetzlar.de\/wp-content\/uploads\/2019\/12\/Sommerfest-2013.pdf\">Sommerfest 2013<\/a><span style=\"font-size: 8pt; color: #000000;\"> \u00a0 <\/span><\/p>\n<p style=\"text-align: center;\"><a href=\"http:\/\/www.mk-wetzlar.de\/wp-content\/uploads\/2019\/12\/Kurkonzert-Braunfels-2013.pdf\">Kurkonzert Braunfels 2013<\/a><\/p>\n<p style=\"text-align: center;\"><strong><span style=\"font-size: 16pt; font-family: georgia, palatino, serif;\">2015<\/span><\/strong><\/p>\n<p style=\"text-align: center;\"><strong>WNZ<\/strong><\/p>\n<p style=\"text-align: center;\"><a href=\"http:\/\/www.mk-wetzlar.de\/wp-content\/uploads\/2019\/12\/rekordbesuch.pdf\">Rekordbesuch bei Konzertreihe\u00a0\u00a0\u00a0 <\/a><\/p>\n<p style=\"text-align: center;\"><strong><span style=\"font-family: georgia, palatino, serif; font-size: 16pt;\"><em>2016<\/em><\/span><\/strong><\/p>\n<p style=\"text-align: center;\"><strong>WNZ<\/strong><\/p>\n<p style=\"text-align: center;\"><a href=\"http:\/\/www.mk-wetzlar.de\/wp-content\/uploads\/2019\/12\/Auftritt-Seniorenheim-2016.pdf\">Auftritt im Seniorenheim &#8222;Pariser Gasse&#8220; 2016\u00a0\u00a0 <\/a><\/p>\n<p style=\"text-align: center;\"><strong><span style=\"font-family: georgia, palatino, serif; font-size: 16pt;\"><em>2017<\/em><\/span><\/strong><\/p>\n<p style=\"text-align: center;\"><strong>Lahn-Dill-Anzeiger<\/strong><\/p>\n<p style=\"text-align: center;\"><a href=\"http:\/\/www.mk-wetzlar.de\/wp-content\/uploads\/2019\/12\/Kurkonzert-Shanty-Life-2017.1.pdf\">Shanty-Life 2017 im Tannenhof in Steindorf\u00a0 <\/a><\/p>\n<p style=\"text-align: center;\"><span style=\"font-size: 11pt;\"><span style=\"font-size: 11pt;\"><a href=\"http:\/\/www.mk-wetzlar.de\/wp-content\/uploads\/2019\/12\/2017-Shanty-Life.pdf\">Shanty-Life 2017 im Tannenhof in Steindorf<\/a><\/span> <\/span><\/p>\n<p style=\"text-align: center;\"><span style=\"font-size: 11pt;\"><a href=\"http:\/\/www.mk-wetzlar.de\/wp-content\/uploads\/2019\/12\/Kurkonzert-Braunfels-2017.pdf\">Kurkonzert Braunfels 2017\u00a0 <\/a><\/span><\/p>\n<p style=\"text-align: center;\"><strong><span style=\"font-family: georgia, palatino, serif; font-size: 16pt;\"><em>2018<\/em><\/span><\/strong><\/p>\n<p style=\"text-align: center;\"><strong>Leinen Los (Magazin des DMB)<\/strong><\/p>\n<p style=\"text-align: center;\"><a href=\"https:\/\/www.mk-wetzlar.de\/wp-content\/uploads\/2026\/02\/segeltoern.pdf\">Segelt\u00f6rn mit der GROOTVORST in Holland 2018<\/a><\/p>\n<p style=\"text-align: center;\"><strong><span style=\"font-family: georgia, palatino, serif; font-size: 16pt;\"><em>2019<\/em><\/span><\/strong><\/p>\n<p style=\"text-align: center;\"><strong>Sonntag Morgen Magazin<\/strong><\/p>\n<p style=\"text-align: center;\"><a href=\"https:\/\/www.mk-wetzlar.de\/wp-content\/uploads\/2022\/05\/Fruehschoppen-2019.pdf\">\u00a0\u00a0 Fr\u00fchschoppen 2019<\/a><\/p>\n<p style=\"text-align: center;\"><strong>Wetzlar Kurier<\/strong><\/p>\n<p style=\"text-align: center;\"><a href=\"http:\/\/www.mk-wetzlar.de\/wp-content\/uploads\/2019\/12\/Pariser-Gasse-nov.2019.pdf\">Seniorenheim &#8222;Pariser Gasse&#8220; Nov.2019 mit Lions-Club Solms\u00a0\u00a0 <\/a><\/p>\n<p style=\"text-align: center;\"><strong>WNZ<\/strong><\/p>\n<p style=\"text-align: center;\">\u00a0<a href=\"https:\/\/www.mk-wetzlar.de\/wp-content\/uploads\/2022\/05\/Zeitungsbericht-vom-04.12.2019.pdf\">Zeitungsbericht der WNZ \u00fcber die Marinekameradschaft vom 04.12.2019<\/a><\/p>\n<p style=\"text-align: center;\"><span style=\"font-size: 16pt;\"><strong><span style=\"font-family: georgia, palatino, serif;\">2020<\/span><\/strong><\/span><\/p>\n<p style=\"text-align: center;\"><strong>WNZ<\/strong><\/p>\n<p style=\"text-align: center;\"><a href=\"https:\/\/www.mk-wetzlar.de\/wp-content\/uploads\/2022\/01\/Bewerbung-1.pdf\">Bewerbung um eine Patenschaft der Stadt Wetzlar f\u00fcr ein Schiff der Marine<\/a><\/p>\n<p style=\"text-align: center;\"><strong>Sonntag Morgen Magazin<\/strong><\/p>\n<p style=\"text-align: center;\"><a href=\"https:\/\/www.mk-wetzlar.de\/wp-content\/uploads\/2022\/05\/Bewerbung-Patenschaft.pdf\">Stadt Wetzlar bewirbt sich f\u00fcr eine Schiffspatenschaft<\/a><\/p>\n<p style=\"text-align: center;\"><span style=\"font-family: georgia, palatino, serif; font-size: 16pt;\"><strong>2022<\/strong><\/span><\/p>\n<p style=\"text-align: center;\"><strong>WNZ<\/strong><\/p>\n<p style=\"text-align: center;\"><a href=\"https:\/\/www.mk-wetzlar.de\/wp-content\/uploads\/2022\/05\/Rosengaertchen-2022-1.pdf\">Sommermatinee im Roseng\u00e4rtchen<\/a><\/p>\n<p style=\"text-align: center;\"><span style=\"font-family: georgia, palatino, serif; font-size: 16pt;\"><strong>2023<\/strong><\/span><\/p>\n<p style=\"text-align: center;\"><strong>WNZ 05.08.2023<\/strong><\/p>\n<p style=\"text-align: center;\"><a href=\"https:\/\/www.mk-wetzlar.de\/wp-content\/uploads\/2023\/08\/WNZ-05.08.2023-2.jpg\">Hinweis auf Konzert in Braunfels<\/a><\/p>\n<p style=\"text-align: center;\"><strong>Leinen Los 06\/2023<\/strong><\/p>\n<p style=\"text-align: center;\"><a href=\"https:\/\/www.mk-wetzlar.de\/wp-content\/uploads\/2023\/08\/img20230820_10140490-2.jpg\">Labskaus Gala und Bordfest Marinekameradschaft 2023<\/a><\/p>\n<p style=\"text-align: center;\"><strong>Leinen Los 09\/2023<\/strong><\/p>\n<p style=\"text-align: center;\"><a href=\"https:\/\/www.mk-wetzlar.de\/wp-content\/uploads\/2023\/09\/Bordfest-2023-Leinen-Los-09.2023.jpg\">Bordfest 2023<\/a><\/p>\n<p style=\"text-align: center;\"><strong>WNZ 21.08.2023<\/strong><\/p>\n<p style=\"text-align: center;\"><a href=\"https:\/\/www.mk-wetzlar.de\/wp-content\/uploads\/2023\/08\/img20230821_10265087-2.jpg\">Kurkonzert Braunfels 2023<\/a><\/p>\n<p style=\"text-align: center;\"><a href=\"https:\/\/www.mk-wetzlar.de\/wp-content\/uploads\/2023\/08\/img20230821_10252343-2.jpg\">Kurkonzert Braunfels 2023<\/a><\/p>\n<p style=\"text-align: center;\"><span style=\"font-family: georgia, palatino, serif; font-size: 16pt;\">2024<\/span><\/p>\n<p style=\"text-align: center;\"><strong>Leinen Los 03\/24<\/strong><\/p>\n<p style=\"text-align: center;\"><a href=\"https:\/\/www.mk-wetzlar.de\/wp-content\/uploads\/2024\/05\/Ausstellung-175-Jahre-deutsche-Marine.pdf\">Ausstellung 175 Jahre deutsche Marine der MK Wetzlar<\/a><\/p>\n<p style=\"text-align: center;\"><strong>Leinen Los 12\/24<\/strong><\/p>\n<p style=\"text-align: center;\"><a href=\"https:\/\/www.mk-wetzlar.de\/wp-content\/uploads\/2024\/12\/MK-auf-Gross-Glockner.jpg\">MK-Wetzlar auf dem Gro\u00dfglockner<\/a><\/p>\n","protected":false},"excerpt":{"rendered":"<p>&nbsp; Presseartikel &nbsp; Alte und neue Presseartikel zum Lesen auf den Artikel klicken &nbsp; Tipp: Artikel zoomen, mit gedr\u00fcckter Steuerungstaste (STRG) und Mausrad drehen Einige Artikel wurden f\u00fcr eine bessere Lesbarkeit \u00fcberarbeitet &nbsp; 1966 WNZ Auslandsreise &#8222;KM-Boot Wetzlar&#8220; 1966 La &hellip; <a href=\"https:\/\/www.mk-wetzlar.de\/?page_id=7364\">Weiter<\/a><\/p>\n","protected":false},"author":5,"featured_media":0,"parent":0,"menu_order":6,"comment_status":"closed","ping_status":"closed","template":"","meta":{"_crdt_document":"","footnotes":""},"class_list":["post-7364","page","type-page","status-publish","hentry"],"_links":{"self":[{"href":"https:\/\/www.mk-wetzlar.de\/index.php?rest_route=\/wp\/v2\/pages\/7364","targetHints":{"allow":["GET"]}}],"collection":[{"href":"https:\/\/www.mk-wetzlar.de\/index.php?rest_route=\/wp\/v2\/pages"}],"about":[{"href":"https:\/\/www.mk-wetzlar.de\/index.php?rest_route=\/wp\/v2\/types\/page"}],"author":[{"embeddable":true,"href":"https:\/\/www.mk-wetzlar.de\/index.php?rest_route=\/wp\/v2\/users\/5"}],"replies":[{"embeddable":true,"href":"https:\/\/www.mk-wetzlar.de\/index.php?rest_route=%2Fwp%2Fv2%2Fcomments&post=7364"}],"version-history":[{"count":0,"href":"https:\/\/www.mk-wetzlar.de\/index.php?rest_route=\/wp\/v2\/pages\/7364\/revisions"}],"wp:attachment":[{"href":"https:\/\/www.mk-wetzlar.de\/index.php?rest_route=%2Fwp%2Fv2%2Fmedia&parent=7364"}],"curies":[{"name":"wp","href":"https:\/\/api.w.org\/{rel}","templated":true}]}}